80 - 246. Suppose -p + 5*z - 4 = 0, -3*p - 136 = 2*p + 4*z. Let w = u + p. What is the tens digit of w?
1
Let t(x) = 2*x**2 - 3*x + 383. What is the units digit of t(0)?
3
Suppose -963 = 28*u - 37*u. What is the units digit of u?
7
Let i(c) = 2*c**2 - 24*c - 80. What is the tens digit of i(24)?
9
Suppose -5*l - n = -209, 21 = 3*l - 3*n - 90. Suppose 0 = i - 3*b + 4*b - l, 2*i = 4*b + 100. Let q = i - 20. What is the tens digit of q?
2
Suppose -54 = -7*g + 10*g. Let s = 3 - g. What is the tens digit of s?
2
Suppose -5*z + z + 61 = -3*b, -b - 27 = -3*z. Let j(i) = i**3 + 16*i**2 + 14*i + 2. What is the units digit of j(b)?
7
Suppose -2*v + 3*t + 13 = 0, -3*v - 2*t + 3 = -t. Suppose -2*p + p = -b + 8, b = -4*p - v. What is the units digit of b?
6
Let l(i) = i**3 - 13*i**2 + i - 8. Let h be l(13). Suppose 284 = 5*f - 5*m - 106, -h*f + 408 = 4*m. What is the units digit of f?
0
Suppose 744 + 3810 = -9*h. Let o = -239 - h. What is the tens digit of o?
6
Let g(s) = 2*s**2 - 4*s - 2. Let x be g(-3). Suppose -11 - x = -q. Suppose q + 151 = 5*y. What is the tens digit of y?
3
Let l = -2005 + 3728. What is the tens digit of l?
2
Suppose 0*d - 4*d = -4. Suppose d = w - 0. What is the units digit of (96/(-56))/(w/(-21))?
6
Let q = -889 - -1972. What is the units digit of q?
3
What is the hundreds digit of ((-290)/(-15))/((-3)/(-72)) - 4?
4
Let t = 20 + -18. Suppose 10 = 4*c - t*y, -c - 7 = -2*c - y. Suppose -3*b + 48 = i, -c*b - 66 = -i - i. What is the tens digit of i?
3
Let w(g) = -g - 8. Let r be w(-6). Let h(o) = -2*o - 2. Let v be h(r). Suppose v*t - 20 = 2*x, -5*x = -3*t - t + 45. What is the units digit of t?
5
Suppose 3*h = h - 380. Let y = -78 - h. What is the units digit of y?
2
Let j = 10 - 18. Let q be 1/(-1)*j/(-8). Let l(m) = 18*m**2 - 1. What is the tens digit of l(q)?
1
Let k(l) = -l**3 - 8*l**2 - 6*l + 7. Suppose 0*p + 3*p + 13 = -4*g, 3*g + 26 = p. Let n be k(g). Suppose n = 3*i - 1 - 2. What is the units digit of i?
1
Suppose 0 = -5*p + 5 + 15. Let j = 7 - 5. Suppose p*q + 0*h - 49 = -h, -j*q - 2*h + 32 = 0. What is the units digit of q?
1
Suppose 0 = -56*g + 42*g + 32494. What is the thousands digit of g?
2
Let k(a) = -7*a**2 + 17*a + 17. Let q(n) = -4*n**2 + 9*n + 9. Let r(p) = -3*k(p) + 5*q(p). What is the tens digit of r(13)?
8
Let f(u) = -2*u - 11. Let l be f(-11). Suppose -2*b = 5*t - 58, -18 = 4*t + 3*b - 70. Let k = l - t. What is the units digit of k?
1
Suppose -24 = -2*t + 104. Let c = t + -50. What is the tens digit of c?
1
Let l(r) = r - 5. Let u be 4*(15/(-4))/(-3). Let q be l(u). Suppose q = b - 4 - 7. What is the units digit of b?
1
Let n = 71 - 47. Suppose 3*y - 1 = w, -w = -3*y + 3*w - 14. Let f = n - y. What is the units digit of f?
2
Let n be 4/(6/(-72)*-6). Suppose -n*f - 5*f = -91. What is the units digit of f?
7
Let a(s) be the second derivative of -s**4/6 - s**3 + s**2/2 + 7*s. Let j be a(-3). Suppose 0 = 7*z - 8*z + j. What is the units digit of z?
1
What is the hundreds digit of 292 + -3 + 6 + 8?
3
Let k(m) = m**3 + 7*m**2 + 3*m + 6. Let x be k(-4). Suppose -c = -4*o - 2*c + 124, -3*c = o - x. What is the tens digit of o?
3
Suppose -8*j + 10 = -3*j. Suppose 5*f = c + j, 3*c + c - 7 = 5*f. What is the units digit of (c + 0 - 7)*-4?
6
Let q = -8 - -8. Suppose q = 39*l - 42*l + 309. What is the hundreds digit of l?
1
Let w be (-12)/4 + (-21)/(-3). Suppose 10*l = 5*l - 3*k - 32, w*l + k + 20 = 0. What is the units digit of (-1)/l + 738/24?
1
Suppose 0 = 9*n + 4 + 41. Let t(y) = -12*y + 15. What is the tens digit of t(n)?
7
Let l be 0*4*(-1)/(-8). Suppose 7*h - 17*h + 1460 = l. What is the hundreds digit of h?
1
Let y(l) = -64*l + 5756. What is the units digit of y(0)?
6
Suppose 5*d + 97 = j + 3*j, -2*j = -2*d - 50. What is the tens digit of (-88)/6*(-126)/j?
6
What is the hundreds digit of 2766/14 + 28/(-49)?
1
Suppose 51*f + 63104 = 119*f. What is the hundreds digit of f?
9
Let g be (-4 + -8)/((-6)/8). Suppose 0 = -5*r + 3*q + 29, -q + g = r - 5*q. What is the units digit of r?
4
Let v(w) = 138*w - 6. Let z(h) = -h + 1. Let b(n) = v(n) + 8*z(n). What is the hundreds digit of b(1)?
1
What is the units digit of (-1)/7 - 60042/(-63)*3?
9
Suppose 0 = 5*l - 4*l. Suppose -w = -2*q - 3*w + 112, l = 5*w + 20. What is the tens digit of -3 - (q/2)/(-1)?
2
Let j(w) = w**3 + 4*w**2 + 3*w - 5. Let y be j(-4). Suppose -12*c + 14 = -13*c. Let s = c - y. What is the units digit of s?
3
Let a = -15 + 15. Suppose 315 = -a*s + 5*s. What is the tens digit of s?
6
Suppose -2*o = o. Suppose 0*u + u + 4 = o. What is the tens digit of u/(-6)*(7 - -26)?
2
Let k be -1 + -7 - (-34 - -29). Let o(q) = -q**3 - 5*q**2 + 7*q - 8. Let s be o(-6). Let d = k - s. What is the tens digit of d?
1
Let m be ((-46)/(-69))/(2/12). Suppose -242 = -m*y + 2*c, -4*y + 0*y + 235 = 5*c. What is the units digit of y?
0
Let b(d) = -d**2 - 7*d - 6. Let o be b(-4). Let u = 0 - o. What is the tens digit of u/12 - 106/(-4)?
2
Let n(x) = -24*x + 341. What is the units digit of n(-7)?
9
Let p be (-1 - -1) + -1 + 3. Suppose p*x = i - 3*x + 10, 4*i - 2*x = 14. Suppose i*c - 183 = -48. What is the tens digit of c?
2
Let l(q) = -35*q + 189. What is the hundreds digit of l(-5)?
3
Let n(q) = 54*q**2 - 24*q - 12. What is the tens digit of n(4)?
5
Let t = 898 + -336. What is the tens digit of t?
6
Suppose 0 = -5*p - 3*n + 2992, -24*n - 2988 = -5*p - 26*n. What is the units digit of p?
6
Let a(i) = 7*i**2 - 7*i + 6. Let b = 16 + -12. Let r be a(b). Suppose 0 = 14*h - 17*h + r. What is the units digit of h?
0
Let n(q) = -q**2 + q + 1. Let p(i) = 4*i**2 - 15*i - 31. Let z(m) = -3*n(m) - p(m). What is the tens digit of z(13)?
1
Let x = 30 - 20. Let u = -10 + x. What is the units digit of 24 + 2 - (-1 + u)?
7
Let n(u) = -u**2 + 2*u + 110. Let y be n(0). Suppose -x = x - y. What is the units digit of -2*1 + (x - 11)?
2
Let h(w) be the third derivative of -w**4/24 + 4*w**3 - 7*w**2. Let d be h(-7). Let u = 27 + d. What is the tens digit of u?
5
Suppose -2*s = -2*k + 178, s + 211 - 38 = 2*k. Suppose 4*i + k = -100. Let d = -18 - i. What is the tens digit of d?
2
Suppose -5*l - 4*i + 24 = 0, -l + 2*i - 18 = -5*l. Let u(s) = -s + 2. Let x be u(1). What is the tens digit of 22 - 7 - (x - l)?
1
Let z be (8/(-4))/((-2)/3). Suppose 3*m - 16 = -2*i, 25 = 5*i - z*m + 6. Suppose -i*j = -35 - 80. What is the tens digit of j?
2
What is the units digit of (6/9)/(0 + 3/12339)?
2
Suppose -196 = -2*p + 80. Let f = p - 73. Let y = f + -37. What is the units digit of y?
8
Let s(f) = f**3 - 10*f**2 + 10*f - 6. Let j be s(9). Let w(p) = -9 - p**2 + 4*p + 8*p - j*p - p. What is the units digit of w(6)?
3
What is the units digit of 118*350/60 + 2/(-6)?
8
Suppose v + 3*p - 585 = -32, -3*v - p = -1675. What is the hundreds digit of v?
5
Suppose -h - 2*m + 60 = 0, 3*m + 153 = 3*h - 0*h. Suppose 4*n = -h + 270. What is the tens digit of n?
5
Suppose -f + 39 + 1 = 0. Let v be -1 + 1/(4/f). Let j = v + 10. What is the tens digit of j?
1
Suppose f + 3*q + q = 11, 2*f - 1 = -q. Let m be (-637)/35 - f/5. Let n = m - -49. What is the tens digit of n?
3
Let u = -20 + 20. Suppose 2*z - 220 = -l, 5*l = 4*z - u*l - 468. What is the tens digit of z?
1
Let w = 60 - 55. Suppose -c + 80 = g, -w*g + 4 = -16. What is the units digit of c?
6
Suppose -3*g + 1 + 11 = 0. Suppose g*t = 1212 - 220. What is the units digit of t?
8
Let q = 6746 - 4613. What is the hundreds digit of q?
1
Suppose -11 = 2*q + b, 2*q - b = 6*q + 17. What is the units digit of 1/q*1 + (-286)/(-3)?
5
Let f = 3111 - 2622. What is the tens digit of f?
8
Let g = -68 - -70. Suppose -g*u = -2*c - 286, 2*c = -2*u - 0*c + 290. What is the units digit of u?
4
What is the units digit of (-24315)/(-9) + 80/(-120)?
1
Suppose 0 = -y - 3*d + 4, 0 = 3*y - 2*d - 14 - 9. Suppose -y - 249 = -8*f. What is the units digit of f?
2
Let o be 2142/135 - (-4)/30. Suppose -o*p = -15*p + 30. Let n = -8 - p. What is the tens digit of n?
2
Let l(q) = -q - 16. Let d be l(-14). Let y(n) = -5*n**2 - 3*n. Let w be y(d). Let z = w - -46. What is the tens digit of z?
3
Suppose -22*p = 7*p - 60117. What is the tens digit of p?
7
Let m(d) be the third derivative of d**5/10 - d**4/4 + d**2. Let r be m(4). Suppose 0 = 4*v - 5*n - r, -5*v + 0*n + 73 = -2*n. What is the units digit of v?
3
L